= 3*g - 273. Calculate the remainder when g is divided by 32.
30
Let w(n) = n**2 - 6*n - 24. Let r(y) = -13*y**3. What is the remainder when r(-1) is divided by w(9)?
1
Suppose 106*w = 115*w - 495. What is the remainder when 767 is divided by w?
52
Let v(z) = 22*z**2 - z - 1. Let i be v(-1). Suppose 8*c - 50 = i. Calculate the remainder when 44 is divided by c.
8
Let m(b) = 7*b**2 - 21*b - 48. Calculate the remainder when 98 is divided by m(-2).
10
Suppose 114 = 24*n - 246. Calculate the remainder when 373 is divided by n.
13
Suppose 0 = -78*q + 69*q + 225. Let n(z) = 6*z**2 - z - 1. Let r be n(-2). Let y = -18 + r. Calculate the remainder when q is divided by y.
4
Suppose q - 60 = -f, -f + 4*f = 2*q - 145. Suppose 91*z + 1265 = 3267. What is the remainder when q is divided by z?
21
Suppose 36 = 29*a - 27*a. What is the remainder when 268 is divided by a?
16
What is the remainder when -174*((-30)/(-9) - 3)*-1 is divided by 11?
3
Let v = -170 + 181. What is the remainder when 38 is divided by v?
5
Let b(f) = -7*f - 17. What is the remainder when b(-10) is divided by (0 - (4 - 3)) + 15?
11
Let u be (2 - (20 + -3))*-5. Let q = u - 51. What is the remainder when q is divided by 14?
10
Let d(m) = -2*m**3 + 8*m**2 + 7*m + 3. Suppose 22 = 5*f - 3*f. What is the remainder when d(4) is divided by f?
9
Suppose -5*j + 385 = 2*j. Calculate the remainder when 382 is divided by j.
52
Let j(v) = -v**2 + 12*v - 4. Calculate the remainder when 11 is divided by j(11).
4
Suppose 0 = j + 5, -2*s - 2*s + 3*j + 23 = 0. Suppose -14 + 44 = s*m. Calculate the remainder when 28 is divided by m.
13
Suppose 5*t + 4*f - 480 = -10, 108 = t - 2*f. Let p = 183 - t. Let m(o) = 2*o**2 - 3*o - 6. What is the remainder when p is divided by m(5)?
27
Let n(t) = -t**3 - 9*t**2 - 10*t. Let x be n(-8). Suppose -x = 4*y + p, y = -0*y + p - 9. Let j = y + 17. What is the remainder when 47 is divided by j?
11
Let i(s) = 30*s**2 - s + 1. Let b be i(1). Suppose -b = -3*n - 9. Let t(c) = 6*c + 46. Calculate the remainder when n is divided by t(-7).
3
Let j(l) = l**3 - 2*l + 80. Let o be j(0). Suppose 0 = 3*p + 4*m - 3*m - 44, -3*m = 5*p - o. Calculate the remainder when p is divided by 5.
3
Let l = 1754 - 1443. Calculate the remainder when l is divided by 52.
51
Let z = 10 - -85. Let r = z + -43. Suppose -3*u + 0*u - 123 = -4*v, 3*u + 96 = 3*v. Calculate the remainder when r is divided by v.
25
Let u(r) = -r**3 - 4*r**2 + 5*r - 2. Let f be u(-5). Let x = -41 - -71. What is the remainder when f/(-3 + (-704)/(-236)) is divided by x?
28
Let g be (-21)/(-4) - (-4)/(-16). Suppose w - g*s = 40, -4*w = -8*s + 3*s - 145. What is the remainder when w is divided by 18?
17
Let u(t) = t + 3. Let r be u(0). Suppose -3*z + 85 = -k, -z + 2*k + 35 = -0*k. What is the remainder when z is divided by -1*r/9*-42?
13
Let z = 15 + -25. Let t be 44/3 - (-2)/6. Let u = z + t. What is the remainder when 12 is divided by u?
2
Suppose t = -5*b + 435, -4*b + 4*t = -178 - 170. Calculate the remainder when b is divided by ((-20)/5)/(-4)*22.
21
Suppose 0 = -3*t + t + 28. Calculate the remainder when 33 is divided by t.
5
Let y = -385 + 523. Calculate the remainder when y is divided by 27.
3
Let d = 34 + -13. Suppose -4*k + p + 18 = 0, -2*k + 18 + 0 = -5*p. Suppose -k*b = 70 - 230. What is the remainder when b is divided by d?
19
Let s be (4 + -2)/(4/10). Suppose s = -2*k + 63. Suppose 62 = 4*i + w, -3*i - w + 42 = 2*w. What is the remainder when k is divided by i?
13
Suppose 2*y - 12 = 4*i + 6, -11 = -4*y + 3*i. Calculate the remainder when 57 is divided by (1*-124)/(-4) - (2 + y).
27
Let v be (6/9 - (-1)/(-6))*0. Suppose -6*m = -v*m - 30. Let s(g) = -g**2 - 7*g - 6. Calculate the remainder when m is divided by s(-5).
1
Let i(c) = 10*c**3 + 5*c + 10. Let n be i(4). Suppose -19*v + n = -9*v. What is the remainder when v is divided by 36?
31
Let a(s) = -3*s + 0 - 14 - 1. Let h be a(-10). Let v = 31 - h. Calculate the remainder when v is divided by 9.
7
Let y be ((-4)/3)/((-2)/(-6)). Suppose o = -4*k - 27, -7*o = -3*o + 4*k + 72. Calculate the remainder when 23 is divided by 1 + (0 - (o - y)).
11
Let s = 36 - 9. Let y(w) = w**2 + 4*w - 12. Let c be y(-6). Let n = 7 + c. What is the remainder when s is divided by n?
6
Suppose -d + 5*d = -j + 147, -165 = -5*d - 5*j. What is the remainder when d is divided by 31?
7
Let h(g) = 9*g - 374. Let l = -6 + 65. Calculate the remainder when l is divided by h(45).
28
Let a(g) = -g**2 + 19*g - 39. What is the remainder when a(14) is divided by 17?
14
Suppose d - 9 = -2*d. Suppose d*o + 9 = 84. Calculate the remainder when o is divided by 9.
7
Let u(g) = 5*g**3 + 2*g + 1. Let k be u(-1). Let x = 48 + -49. Let n = x - k. What is the remainder when n is divided by 3?
2
What is the remainder when 31/93 - (-202)/6 is divided by (-2)/1 - -7*3?
15
Suppose -34 + 12 = -7*d + 27. Suppose -5*l + 4*h - 6*h + 11 = 0, -4*l + 2*h - 2 = 0. What is the remainder when d is divided by l?
0
Let c(m) = m**2 - 2*m - 11. Let x be 52/39*9/2. Suppose 3*j = j - 4*a + 92, 4 = -2*a. What is the remainder when j is divided by c(x)?
11
Let i(o) = -o**3 - 10*o**2 - 24*o - 10. What is the remainder when 22 is divided by i(-7)?
0
Suppose 4*q - 5*q - 5 = 0. Let i = q + -15. What is the remainder when 41 is divided by 8/i - (-216)/15?
13
Let d = -387 - -402. What is the remainder when 101 is divided by d?
11
Let v = -1446 - -1566. Calculate the remainder when 136 is divided by v.
16
Calculate the remainder when 1013 is divided by (-2602)/(-18) - 1/(189/(-84)).
143
Calculate the remainder when ((-2)/3)/(-2) + 676/6 is divided by 56.
1
Suppose 5*w - 5*i - 80 = 3*w, -160 = -4*w + 5*i. Let v = 781 + -760. What is the remainder when w is divided by v?
19
Let r = -8 - -10. Let u = 0 + 4. Calculate the remainder when u is divided by r.
0
What is the remainder when -2 + 32/18 - (-723140)/1980 is divided by 53?
47
Suppose 4*i = -0*i + 60. Let j be (i/(-6) + 3)*0. Suppose 2*a - 5*a + 30 = j. Calculate the remainder when 17 is divided by a.
7
Let t be (-1 + -1)*2/4. Let l be t/3 + (-2)/(-6). Suppose -w - 4*w + 25 = l. What is the remainder when 13 is divided by w?
3
Let r = -1 + 16. Let u(g) = 2*g**3 - 30*g**2 + 97*g - 4. What is the remainder when u(3) is divided by r?
11
Calculate the remainder when 285/20*(-32)/(-12) is divided by 8.
6
Suppose -4*q - 5*d = -0*d + 23, 32 = -4*q + 4*d. Suppose 3*l - 6*l + 69 = 0. Let n = q + l. What is the remainder when 47 is divided by n?
15
Let k(h) be the third derivative of -h**6/120 + h**5/20 + 7*h**4/24 - 5*h**3/6 + 6*h**2. Calculate the remainder when 20 is divided by k(4).
6
What is the remainder when 50 is divided by (9 - (6 + 2)) + (0 - -40)?
9
Suppose -p + 0 + 2 = 0. Suppose p*j = 4*c + 374, 2*j - 368 = -c - c. Calculate the remainder when j is divided by 47.
44
Let t = -79 + 112. What is the remainder when 129 is divided by t?
30
Suppose 2*c - 34 = -2*h, h - 3*c - 17 = -0*h. Suppose -13*r + h*r - 112 = 0. What is the remainder when 110 is divided by r?
26
Let l = 58 - 26. Suppose 0 = a - 43 - l. Calculate the remainder when a is divided by 19.
18
Let s(b) = -8*b**3 - b**2 - b. What is the remainder when s(-1) is divided by (-168 + 170)/(2 - 1)?
0
Let s = 52 - 16. Suppose 6*l = 8*l - 20. Calculate the remainder when s is divided by l.
6
Let w(f) = -f**3 - 7*f**2 + 7*f - 5. Let d be w(-9). Let n = 145 - d. Suppose 19 = 9*o - 143. What is the remainder when n is divided by o?
15
Let n(a) = a**2 + 4*a - 5. Let j be n(2). Let y be j/(21/6) + 2. Suppose 108 = 3*v - y*t, 2*v - 4*t - 73 + 5 = 0. What is the remainder when v is divided by 21?
19
Suppose 3*u = 12, 5*s - 11 = -3*u + 6. Let r = -9 + 9. Suppose -2*m + 3*x - 4 = r, x - 5*x + 8 = 0. Calculate the remainder when m is divided by s.
0
Suppose 2*h - 278 = 2*d, 2*d - 3*d = 2*h - 269. Suppose h*c - 23 = 135*c. What is the remainder when 274/4 + 3/(-6) is divided by c?
22
Suppose 3*x - 5*k = 299, -x + 59 + 74 = 5*k. What is the remainder when 1833 is divided by x?
105
Let g = -14743 + 14769. Suppose 0*a = b + 3*a - 63, 0 = 5*b + a - 301. What is the remainder when b is divided by g?
8
Let u(c) = 3*c - 6. Let o be ((-3)/(-2))/((-36)/48). Let x = 4 - o. What is the remainder when 58 is divided by u(x)?
10
Suppose -1 = 5*o + 4*q - 0, -5 